{"id":6,"date":"2021-01-14T17:44:29","date_gmt":"2021-01-14T16:44:29","guid":{"rendered":"http:\/\/localhost\/Wordpress\/?page_id=2"},"modified":"2025-06-16T08:47:41","modified_gmt":"2025-06-16T08:47:41","slug":"beispiel-seite","status":"publish","type":"page","link":"https:\/\/gsu-stadtgeschichte.com\/?page_id=6","title":{"rendered":"Veranstaltungen"},"content":{"rendered":"\n<h2 class=\"wp-block-heading\">Veranstaltungen im \u00dcberblick<\/h2>\n\n\n\n<div style=\"height:40px\" aria-hidden=\"true\" class=\"wp-block-spacer\"><\/div>\n\n\n<ul class=\"wp-block-latest-posts__list is-grid columns-2 has-dates wp-block-latest-posts\"><li><a class=\"wp-block-latest-posts__post-title\" href=\"https:\/\/gsu-stadtgeschichte.com\/?p=1970\">Stadtgeschichte in a nutshell? Zum Spannungsverh\u00e4ltnis von Wissenschaftlichkeit und popul\u00e4ren Vermittlungsformaten<\/a><time datetime=\"2025-06-16T08:47:08+00:00\" class=\"wp-block-latest-posts__post-date\">Juni 16, 2025<\/time><div class=\"wp-block-latest-posts__post-excerpt\">WORKSHOP Workshop des LWL-Instituts f\u00fcr westf\u00e4lische Regionalgeschichte und der Gesellschaft der Stadt- und Urbanisierungsforschung\/ GSU-Blog \u201eStadtgeschichten\u201c, 4.-5. Juli 2025 04.07.2025 &#8211; 05.07.2025 LWL-Institut f\u00fcr westf\u00e4lische RegionalgeschichtePiusallee 7, Geb\u00e4ude J, Raum\u2026\u00a0<a class=\"wp-block-latest-posts__read-more\" href=\"https:\/\/gsu-stadtgeschichte.com\/?p=1970\" rel=\"noopener noreferrer\"><span class=\"screen-reader-text\">Stadtgeschichte in a nutshell? Zum Spannungsverh\u00e4ltnis von Wissenschaftlichkeit und popul\u00e4ren Vermittlungsformaten <\/span>weiterlesen<\/a><\/div><\/li>\n<li><a class=\"wp-block-latest-posts__post-title\" href=\"https:\/\/gsu-stadtgeschichte.com\/?p=1854\">GSU Nachwuchstagung 2024<\/a><time datetime=\"2024-04-10T11:53:04+00:00\" class=\"wp-block-latest-posts__post-date\">April 10, 2024<\/time><div class=\"wp-block-latest-posts__post-excerpt\">GSU NACHWUCHSTAGUNG 2024 &#8222;Grenz\u00fcberschreitungen&#8220; 15.\/16. November 2024 St\u00e4dte werden oft durch Grenzziehungen definiert: politisch-administrative Grenzen, \u00f6kologische und lebensweltliche Grenzen zwischen Stadt und Land oder die sozio-kulturellen Besonderheiten des Urbanen. Zugleich\u2026\u00a0<a class=\"wp-block-latest-posts__read-more\" href=\"https:\/\/gsu-stadtgeschichte.com\/?p=1854\" rel=\"noopener noreferrer\"><span class=\"screen-reader-text\">GSU Nachwuchstagung 2024 <\/span>weiterlesen<\/a><\/div><\/li>\n<li><a class=\"wp-block-latest-posts__post-title\" href=\"https:\/\/gsu-stadtgeschichte.com\/?p=1674\">Citizen Science in der Stadtgeschichte, 10-11.11.2022<\/a><time datetime=\"2022-09-27T16:11:29+00:00\" class=\"wp-block-latest-posts__post-date\">September 27, 2022<\/time><div class=\"wp-block-latest-posts__post-excerpt\">Unter dem Schlagwort \u201eCitizen Science\u201c \u2013 oder \u201eB\u00fcrgerwissenschaften\u201c \u2013 erlebt die Forderung, B\u00fcrger*innen in Forschungsprozesse einzubeziehen, derzeit eine neue Konjunktur. Aber auch die Anspr\u00fcche an Wissenschaftler*innen, ihre Erkenntnisse breitenwirksam zu vermitteln, sind gestiegen. Die Bundesregierung, die EU und viele Universit\u00e4ten haben die \u201eB\u00fcrgerwissenschaften\u201c zu einem wissenschaftspolitischen Leitbild erhoben. <\/div><\/li>\n<li><a class=\"wp-block-latest-posts__post-title\" href=\"https:\/\/gsu-stadtgeschichte.com\/?p=1486\">GSU Nachwuchstagung 2022<\/a><time datetime=\"2022-03-25T07:40:34+00:00\" class=\"wp-block-latest-posts__post-date\">M\u00e4rz 25, 2022<\/time><div class=\"wp-block-latest-posts__post-excerpt\">Konflikte stellen einen zentralen Motor der Stadtentwicklung dar und liefern ein reiches\nUntersuchungsfeld f\u00fcr die historische Stadtforschung. Politische Protestbewegungen, soziale\nUngleichheit, die Wohnraumfrage, Verkehrsnutzungen, B\u00fcrgerbewegungen, Nutzungskonflikte und\nnicht zuletzt Kriege sind nur einige Themenfelder, in denen Konflikte eine gewichtige Rolle\nspielen, in Europa und weltweit. <\/div><\/li>\n<li><a class=\"wp-block-latest-posts__post-title\" href=\"https:\/\/gsu-stadtgeschichte.com\/?p=815\">GSU Nachwuchstagung 2019<\/a><time datetime=\"2019-04-08T09:50:00+00:00\" class=\"wp-block-latest-posts__post-date\">April 8, 2019<\/time><div class=\"wp-block-latest-posts__post-excerpt\">Die Globalgeschichte entwickelt sich derzeit \u00e4u\u00dferst dynamisch und pr\u00e4gt zunehmend auch die stadtgeschichtliche Forschung, etwa indem sie die Bedeutung transnationaler Diskurse hervorhebt oder die Aufmerksamkeit auf St\u00e4dte in bisher wenig untersuchten Weltregionen lenkt. Dennoch ist die Stadtgeschichte nach wie vor ein Feld, das stark durch lokale Fallstudien gepr\u00e4gt ist, die nicht zwingend eine globale Dimension aufweisen. <\/div><\/li>\n<li><a class=\"wp-block-latest-posts__post-title\" href=\"https:\/\/gsu-stadtgeschichte.com\/?p=1183\">The Modern City In Japan And Europe, 15.3.2019<\/a><time datetime=\"2019-03-03T11:10:00+00:00\" class=\"wp-block-latest-posts__post-date\">M\u00e4rz 3, 2019<\/time><div class=\"wp-block-latest-posts__post-excerpt\">This session aims to examine, from the perspective of &#8222;urban governance&#8220;, how the European experience influenced the development of the modern city in Japan and how the persistence of Japanese urban traditions could be reconciled with European &#8222;role models&#8220;. Through these analyses, the session will contribute to understanding the historical development of the modern city in both societies.<\/div><\/li>\n<li><a class=\"wp-block-latest-posts__post-title\" href=\"https:\/\/gsu-stadtgeschichte.com\/?p=809\">GSU Nachwuchstagung 2017<\/a><time datetime=\"2017-02-22T09:47:00+00:00\" class=\"wp-block-latest-posts__post-date\">Februar 22, 2017<\/time><div class=\"wp-block-latest-posts__post-excerpt\">Die Elemente Licht, Luft, Feuer und Wasser waren f\u00fcr die Entwicklung von St\u00e4dten immer von zentraler Bedeutung, denn neben umwelthistorischen Aspekten spiegelten diese Elemente immer auch politische Machtkonstellationen, die \u00f6konomischen Bedingungen, den jeweiligen Stand der Technik, sowie die Vielfalt der kulturellen Interpretationen der involvierten Gesellschaften wider. <\/div><\/li>\n<li><a class=\"wp-block-latest-posts__post-title\" href=\"https:\/\/gsu-stadtgeschichte.com\/?p=1150\">GSU Nachwuchstagung 2015<\/a><time datetime=\"2015-09-30T17:25:00+00:00\" class=\"wp-block-latest-posts__post-date\">September 30, 2015<\/time><div class=\"wp-block-latest-posts__post-excerpt\">Das Leben in St\u00e4dten war und ist permanent Gegenstand von Ordnungsversuchen. Oft \u00fcberlagerten sich Vorstellungen von der baulichen, sozialen und politischen Ordnung der Stadt, etwa in der Idee der Trennung von Funktionen oder in der r\u00e4umlichen Differenzierung sozialer Gruppen, sei es mit dem Ziel der Segregation oder der Integration.<\/div><\/li>\n<li><a class=\"wp-block-latest-posts__post-title\" href=\"https:\/\/gsu-stadtgeschichte.com\/?p=1289\">\u201eNeue St\u00e4dte f\u00fcr einen neuen Staat. Edgar Salin und das \u201eIsraelprojekt\u201c der List Gesellschaft\u201c<\/a><time datetime=\"2012-05-19T09:12:00+00:00\" class=\"wp-block-latest-posts__post-date\">Mai 19, 2012<\/time><div class=\"wp-block-latest-posts__post-excerpt\">Eine Ann\u00e4herung an die universalistische Denk- und Handlungsweise des National\u00f6konomen Salin erm\u00f6glicht Einblicke in verschiedene historische Forschungsrichtungen und er\u00f6ffnet neue Perspektiven auf die Gegenwart. Dieser Herausforderung stellte sich das internationale Symposium \u201eNeue St\u00e4dte f\u00fcr einen neuen Staat \u2013 New Towns for New Tribes\u201c, das vom 2. bis zum 4. Dezember 2011 in der Vertretung des Landes Niedersachsen beim Bund in Berlin stattfand.<\/div><\/li>\n<li><a class=\"wp-block-latest-posts__post-title\" href=\"https:\/\/gsu-stadtgeschichte.com\/?p=1298\">Das Erbe Robert Schmidts: 100 Jahre regionale Planung im Revier<\/a><time datetime=\"2012-04-04T09:23:00+00:00\" class=\"wp-block-latest-posts__post-date\">April 4, 2012<\/time><div class=\"wp-block-latest-posts__post-excerpt\">Die Tagung ist Robert Schmidt als Person gewidmet, den Konzepten und Planungen des Siedlungsverbandes Ruhrkohlenbezirk bis in die j\u00fcngste Vergangenheit wie auch der Zukunft der Metropolregion Ruhr. Dar\u00fcber hinaus sollen Planungserfordernisse im Revier zur Zeit der Gr\u00fcndung des Siedlungsverbandes, Debatten unter Praktikern und im universit\u00e4ren Umfeld vor 1914 und wieder in den 1920er Jahren, regionale Entwicklungsprogramme der 1920er und 1930er Jahre im In- und Ausland sowie das Aufgabenfeld der Regional- und Landesplanung nach 1933 und erneut nach 1945 reflektiert werden.<\/div><\/li>\n<\/ul>","protected":false},"excerpt":{"rendered":"<p>Veranstaltungen im \u00dcberblick<\/p>\n","protected":false},"author":2,"featured_media":0,"parent":0,"menu_order":0,"comment_status":"closed","ping_status":"open","template":"templates\/template-full-width.php","meta":{"footnotes":""},"class_list":["post-6","page","type-page","status-publish","hentry"],"_links":{"self":[{"href":"https:\/\/gsu-stadtgeschichte.com\/index.php?rest_route=\/wp\/v2\/pages\/6","targetHints":{"allow":["GET"]}}],"collection":[{"href":"https:\/\/gsu-stadtgeschichte.com\/index.php?rest_route=\/wp\/v2\/pages"}],"about":[{"href":"https:\/\/gsu-stadtgeschichte.com\/index.php?rest_route=\/wp\/v2\/types\/page"}],"author":[{"embeddable":true,"href":"https:\/\/gsu-stadtgeschichte.com\/index.php?rest_route=\/wp\/v2\/users\/2"}],"replies":[{"embeddable":true,"href":"https:\/\/gsu-stadtgeschichte.com\/index.php?rest_route=%2Fwp%2Fv2%2Fcomments&post=6"}],"version-history":[{"count":9,"href":"https:\/\/gsu-stadtgeschichte.com\/index.php?rest_route=\/wp\/v2\/pages\/6\/revisions"}],"predecessor-version":[{"id":1670,"href":"https:\/\/gsu-stadtgeschichte.com\/index.php?rest_route=\/wp\/v2\/pages\/6\/revisions\/1670"}],"wp:attachment":[{"href":"https:\/\/gsu-stadtgeschichte.com\/index.php?rest_route=%2Fwp%2Fv2%2Fmedia&parent=6"}],"curies":[{"name":"wp","href":"https:\/\/api.w.org\/{rel}","templated":true}]}}

<h2 class="wp-block-heading">Veranstaltungen im Überblick</h2>



<div style="height:40px" aria-hidden="true" class="wp-block-spacer"></div>


<ul class="wp-block-latest-posts__list is-grid columns-2 has-dates wp-block-latest-posts"><li><a class="wp-block-latest-posts__post-title" href="https://gsu-stadtgeschichte.com/?p=1970">Stadtgeschichte in a nutshell? Zum Spannungsverhältnis von Wissenschaftlichkeit und populären Vermittlungsformaten</a><time datetime="2025-06-16T08:47:08+00:00" class="wp-block-latest-posts__post-date">Juni 16, 2025</time><div class="wp-block-latest-posts__post-excerpt">WORKSHOP Workshop des LWL-Instituts für westfälische Regionalgeschichte und der Gesellschaft der Stadt- und Urbanisierungsforschung/ GSU-Blog „Stadtgeschichten“, 4.-5. Juli 2025 04.07.2025 &#8211; 05.07.2025 LWL-Institut für westfälische RegionalgeschichtePiusallee 7, Gebäude J, Raum… <a class="wp-block-latest-posts__read-more" href="https://gsu-stadtgeschichte.com/?p=1970" rel="noopener noreferrer"><span class="screen-reader-text">Stadtgeschichte in a nutshell? Zum Spannungsverhältnis von Wissenschaftlichkeit und populären Vermittlungsformaten </span>weiterlesen</a></div></li>
<li><a class="wp-block-latest-posts__post-title" href="https://gsu-stadtgeschichte.com/?p=1854">GSU Nachwuchstagung 2024</a><time datetime="2024-04-10T11:53:04+00:00" class="wp-block-latest-posts__post-date">April 10, 2024</time><div class="wp-block-latest-posts__post-excerpt">GSU NACHWUCHSTAGUNG 2024 &#8222;Grenzüberschreitungen&#8220; 15./16. November 2024 Städte werden oft durch Grenzziehungen definiert: politisch-administrative Grenzen, ökologische und lebensweltliche Grenzen zwischen Stadt und Land oder die sozio-kulturellen Besonderheiten des Urbanen. Zugleich… <a class="wp-block-latest-posts__read-more" href="https://gsu-stadtgeschichte.com/?p=1854" rel="noopener noreferrer"><span class="screen-reader-text">GSU Nachwuchstagung 2024 </span>weiterlesen</a></div></li>
<li><a class="wp-block-latest-posts__post-title" href="https://gsu-stadtgeschichte.com/?p=1674">Citizen Science in der Stadtgeschichte, 10-11.11.2022</a><time datetime="2022-09-27T16:11:29+00:00" class="wp-block-latest-posts__post-date">September 27, 2022</time><div class="wp-block-latest-posts__post-excerpt">Unter dem Schlagwort „Citizen Science“ – oder „Bürgerwissenschaften“ – erlebt die Forderung, Bürger*innen in Forschungsprozesse einzubeziehen, derzeit eine neue Konjunktur. Aber auch die Ansprüche an Wissenschaftler*innen, ihre Erkenntnisse breitenwirksam zu vermitteln, sind gestiegen. Die Bundesregierung, die EU und viele Universitäten haben die „Bürgerwissenschaften“ zu einem wissenschaftspolitischen Leitbild erhoben. </div></li>
<li><a class="wp-block-latest-posts__post-title" href="https://gsu-stadtgeschichte.com/?p=1486">GSU Nachwuchstagung 2022</a><time datetime="2022-03-25T07:40:34+00:00" class="wp-block-latest-posts__post-date">März 25, 2022</time><div class="wp-block-latest-posts__post-excerpt">Konflikte stellen einen zentralen Motor der Stadtentwicklung dar und liefern ein reiches
Untersuchungsfeld für die historische Stadtforschung. Politische Protestbewegungen, soziale
Ungleichheit, die Wohnraumfrage, Verkehrsnutzungen, Bürgerbewegungen, Nutzungskonflikte und
nicht zuletzt Kriege sind nur einige Themenfelder, in denen Konflikte eine gewichtige Rolle
spielen, in Europa und weltweit. </div></li>
<li><a class="wp-block-latest-posts__post-title" href="https://gsu-stadtgeschichte.com/?p=815">GSU Nachwuchstagung 2019</a><time datetime="2019-04-08T09:50:00+00:00" class="wp-block-latest-posts__post-date">April 8, 2019</time><div class="wp-block-latest-posts__post-excerpt">Die Globalgeschichte entwickelt sich derzeit äußerst dynamisch und prägt zunehmend auch die stadtgeschichtliche Forschung, etwa indem sie die Bedeutung transnationaler Diskurse hervorhebt oder die Aufmerksamkeit auf Städte in bisher wenig untersuchten Weltregionen lenkt. Dennoch ist die Stadtgeschichte nach wie vor ein Feld, das stark durch lokale Fallstudien geprägt ist, die nicht zwingend eine globale Dimension aufweisen. </div></li>
<li><a class="wp-block-latest-posts__post-title" href="https://gsu-stadtgeschichte.com/?p=1183">The Modern City In Japan And Europe, 15.3.2019</a><time datetime="2019-03-03T11:10:00+00:00" class="wp-block-latest-posts__post-date">März 3, 2019</time><div class="wp-block-latest-posts__post-excerpt">This session aims to examine, from the perspective of &#8222;urban governance&#8220;, how the European experience influenced the development of the modern city in Japan and how the persistence of Japanese urban traditions could be reconciled with European &#8222;role models&#8220;. Through these analyses, the session will contribute to understanding the historical development of the modern city in both societies.</div></li>
<li><a class="wp-block-latest-posts__post-title" href="https://gsu-stadtgeschichte.com/?p=809">GSU Nachwuchstagung 2017</a><time datetime="2017-02-22T09:47:00+00:00" class="wp-block-latest-posts__post-date">Februar 22, 2017</time><div class="wp-block-latest-posts__post-excerpt">Die Elemente Licht, Luft, Feuer und Wasser waren für die Entwicklung von Städten immer von zentraler Bedeutung, denn neben umwelthistorischen Aspekten spiegelten diese Elemente immer auch politische Machtkonstellationen, die ökonomischen Bedingungen, den jeweiligen Stand der Technik, sowie die Vielfalt der kulturellen Interpretationen der involvierten Gesellschaften wider. </div></li>
<li><a class="wp-block-latest-posts__post-title" href="https://gsu-stadtgeschichte.com/?p=1150">GSU Nachwuchstagung 2015</a><time datetime="2015-09-30T17:25:00+00:00" class="wp-block-latest-posts__post-date">September 30, 2015</time><div class="wp-block-latest-posts__post-excerpt">Das Leben in Städten war und ist permanent Gegenstand von Ordnungsversuchen. Oft überlagerten sich Vorstellungen von der baulichen, sozialen und politischen Ordnung der Stadt, etwa in der Idee der Trennung von Funktionen oder in der räumlichen Differenzierung sozialer Gruppen, sei es mit dem Ziel der Segregation oder der Integration.</div></li>
<li><a class="wp-block-latest-posts__post-title" href="https://gsu-stadtgeschichte.com/?p=1289">„Neue Städte für einen neuen Staat. Edgar Salin und das „Israelprojekt“ der List Gesellschaft“</a><time datetime="2012-05-19T09:12:00+00:00" class="wp-block-latest-posts__post-date">Mai 19, 2012</time><div class="wp-block-latest-posts__post-excerpt">Eine Annäherung an die universalistische Denk- und Handlungsweise des Nationalökonomen Salin ermöglicht Einblicke in verschiedene historische Forschungsrichtungen und eröffnet neue Perspektiven auf die Gegenwart. Dieser Herausforderung stellte sich das internationale Symposium „Neue Städte für einen neuen Staat – New Towns for New Tribes“, das vom 2. bis zum 4. Dezember 2011 in der Vertretung des Landes Niedersachsen beim Bund in Berlin stattfand.</div></li>
<li><a class="wp-block-latest-posts__post-title" href="https://gsu-stadtgeschichte.com/?p=1298">Das Erbe Robert Schmidts: 100 Jahre regionale Planung im Revier</a><time datetime="2012-04-04T09:23:00+00:00" class="wp-block-latest-posts__post-date">April 4, 2012</time><div class="wp-block-latest-posts__post-excerpt">Die Tagung ist Robert Schmidt als Person gewidmet, den Konzepten und Planungen des Siedlungsverbandes Ruhrkohlenbezirk bis in die jüngste Vergangenheit wie auch der Zukunft der Metropolregion Ruhr. Darüber hinaus sollen Planungserfordernisse im Revier zur Zeit der Gründung des Siedlungsverbandes, Debatten unter Praktikern und im universitären Umfeld vor 1914 und wieder in den 1920er Jahren, regionale Entwicklungsprogramme der 1920er und 1930er Jahre im In- und Ausland sowie das Aufgabenfeld der Regional- und Landesplanung nach 1933 und erneut nach 1945 reflektiert werden.</div></li>
</ul>

<p>Veranstaltungen im Überblick</p>
