{"id":405,"date":"2021-01-14T18:12:24","date_gmt":"2021-01-14T17:12:24","guid":{"rendered":"http:\/\/localhost\/Wordpress\/?page_id=10"},"modified":"2026-03-19T13:14:31","modified_gmt":"2026-03-19T13:14:31","slug":"publikationen","status":"publish","type":"page","link":"https:\/\/gsu-stadtgeschichte.com\/?page_id=405","title":{"rendered":"Publikationen"},"content":{"rendered":"\n<h2 class=\"wp-block-heading\">Publikationen im \u00dcberblick<\/h2>\n\n\n\n<div style=\"height:40px\" aria-hidden=\"true\" class=\"wp-block-spacer\"><\/div>\n\n\n\n<h6 class=\"wp-block-heading has-text-color\" style=\"color:#0071a1;font-size:12px\"><strong>GSU-BUCHREIHE<\/strong><\/h6>\n\n\n\n<h4 class=\"wp-block-heading\"><strong>\u201eBeitr\u00e4ge zur Stadtgeschichte und Urbanisierungsforschung\u201c<\/strong><\/h4>\n\n\n\n<p>Die \u201eBeitr\u00e4ge zur Stadtgeschichte und Urbanisierungsforschung\u201c erscheinen seit 2003 als Buchreihe der GSU im Franz-Steiner-Verlag. In ihr werden wissenschaftliche Arbeiten zur Stadt- und Urbanisierungsgeschichte des 19. und 20. Jahrhunderts aus verschiedenen disziplin\u00e4ren Kontexten ver\u00f6ffentlicht. Die Reihe richtet sich an alle an der historischen Stadtforschung interessierte Wissenschaftler_innen und Praktiker_innen. Eingereichte Manuskripte durchlaufen ein Review-Verfahren durch die Herausgeber_innen. Interessenten, die eine Ver\u00f6ffentlichung ihres Manuskriptes in der Reihe anstreben, k\u00f6nnen sich direkt an den gesch\u00e4ftsf\u00fchrenden Herausgeber Christoph Bernhardt (<a href=\"mailto:bernhardt@irs-net.de\">bernhardt@irs-net.de<\/a>) wenden.<\/p>\n\n\n\n<p><strong>Herausgeber_innen:<\/strong> Christoph Bernhardt (gesch\u00e4ftsf\u00fchrend), Beate Binder, Harald Bodenschatz, Sybille Frank, Tilman Harlander, Martina He\u00dfler, Wolfgang Kaschuba, Friedrich Lenger, Dieter Schott und Clemens Zimmermann.<\/p>\n\n\n\n<div class=\"wp-block-buttons is-layout-flex wp-block-buttons-is-layout-flex\">\n<div class=\"wp-block-button is-style-fill\"><a class=\"wp-block-button__link has-white-color has-text-color has-background wp-element-button\" href=\"https:\/\/gsu-stadtgeschichte.com\/?page_id=39\" style=\"background-color:#1d527d\" target=\"_blank\" rel=\"noreferrer noopener\">Zur GSU Publikationsreihe<\/a><\/div>\n<\/div>\n\n\n\n<div style=\"height:40px\" aria-hidden=\"true\" class=\"wp-block-spacer\"><\/div>\n\n\n\n<hr class=\"wp-block-separator has-text-color has-css-opacity has-background is-style-wide\" style=\"background-color:#cccccc;color:#cccccc\"\/>\n\n\n\n<div style=\"height:40px\" aria-hidden=\"true\" class=\"wp-block-spacer\"><\/div>\n\n\n\n<h6 class=\"wp-block-heading has-text-color\" style=\"color:#0071a1;font-size:12px\"><strong>GSU-ZEITSCHRIFT<\/strong><\/h6>\n\n\n\n<h4 class=\"wp-block-heading\"><strong>\u201eModerne Stadtgeschichte\u201c (MSG)<\/strong><\/h4>\n\n\n\n<p>Die Moderne Stadtgeschichte (MSG) erscheint seit dem Jahr 1970 zweimal j\u00e4hrlich und richtet sich an alle, die auf dem Gebiet der deutschen und internationalen Stadtgeschichte arbeiten. Sie wird herausgegeben in Kooperation mit dem Deutschen Institut f\u00fcr Urbanistik (Difu) und der Gesellschaft f\u00fcr Stadtgeschichte und Urbanisierungsforschung (GSU). Seit 2024 erscheint die MSG Open Access bei Berlin Universities Publishing. Die zur\u00fcckliegenden Jahrg\u00e4nge werden ebenfalls sukzessive Open Access zur Verf\u00fcgung gestellt.<\/p>\n\n\n\n<p><strong>Herausgeber_innen:<\/strong> Martin Baumeister, Christoph Bernhardt, Dorothee Brantz, Kerstin Br\u00fcckweh, Moritz F\u00f6llmer, Sebastian Haumann, Heidi Hein-Kircher, Martina He\u00dfler, Martin Kohlrausch, Christoph Lorke, Gisela Mettele, Susanne Rau, Christiane Reinecke, Ralf Roth, Dieter Schott, Bettina Severin-Barboutie und Clemens Zimmermann.<\/p>\n\n\n\n<p>Beitr\u00e4ge einreichen: F\u00fcr Manuskriptangebote und Fragen zur MSG kontaktieren Sie bitte Sebastian Haumann (<a href=\"sebastian.hauamann@plus.ac.at\" target=\"_blank\" rel=\"noreferrer noopener\">sebastian.hauamann@plus.ac.at<\/a>). Weitere Informationen zur Manuskriptgestaltung finden Sie <a href=\"https:\/\/gsutest.uber.space\/wp-content\/uploads\/2021\/04\/MSG-Handreichung_Autor_innen.pdf\" target=\"_blank\" rel=\"noreferrer noopener\">hier<\/a>.<\/p>\n\n\n\n<div class=\"wp-block-buttons is-layout-flex wp-block-buttons-is-layout-flex\">\n<div class=\"wp-block-button is-style-fill\"><a class=\"wp-block-button__link has-white-color has-text-color has-background wp-element-button\" href=\"https:\/\/gsu-stadtgeschichte.com\/?page_id=41\" style=\"background-color:#1d527d\" target=\"_blank\" rel=\"noreferrer noopener\">Zur GSU Zeitschrift<\/a><\/div>\n<\/div>\n","protected":false},"excerpt":{"rendered":"<p>Publikationen im \u00dcberblick GSU-BUCHREIHE \u201eBeitr\u00e4ge zur Stadtgeschichte und Urbanisierungsforschung\u201c Die \u201eBeitr\u00e4ge zur Stadtgeschichte und Urbanisierungsforschung\u201c erscheinen seit 2003 als Buchreihe der GSU im Franz-Steiner-Verlag. In ihr werden wissenschaftliche Arbeiten zur Stadt- und Urbanisierungsgeschichte des 19. und 20. Jahrhunderts aus verschiedenen disziplin\u00e4ren Kontexten ver\u00f6ffentlicht. Die Reihe richtet sich an alle an der historischen Stadtforschung interessierte Wissenschaftler_innen [&hellip;]<\/p>\n","protected":false},"author":2,"featured_media":0,"parent":0,"menu_order":0,"comment_status":"closed","ping_status":"closed","template":"templates\/template-full-width.php","meta":{"footnotes":""},"class_list":["post-405","page","type-page","status-publish","hentry"],"_links":{"self":[{"href":"https:\/\/gsu-stadtgeschichte.com\/index.php?rest_route=\/wp\/v2\/pages\/405","targetHints":{"allow":["GET"]}}],"collection":[{"href":"https:\/\/gsu-stadtgeschichte.com\/index.php?rest_route=\/wp\/v2\/pages"}],"about":[{"href":"https:\/\/gsu-stadtgeschichte.com\/index.php?rest_route=\/wp\/v2\/types\/page"}],"author":[{"embeddable":true,"href":"https:\/\/gsu-stadtgeschichte.com\/index.php?rest_route=\/wp\/v2\/users\/2"}],"replies":[{"embeddable":true,"href":"https:\/\/gsu-stadtgeschichte.com\/index.php?rest_route=%2Fwp%2Fv2%2Fcomments&post=405"}],"version-history":[{"count":16,"href":"https:\/\/gsu-stadtgeschichte.com\/index.php?rest_route=\/wp\/v2\/pages\/405\/revisions"}],"predecessor-version":[{"id":2045,"href":"https:\/\/gsu-stadtgeschichte.com\/index.php?rest_route=\/wp\/v2\/pages\/405\/revisions\/2045"}],"wp:attachment":[{"href":"https:\/\/gsu-stadtgeschichte.com\/index.php?rest_route=%2Fwp%2Fv2%2Fmedia&parent=405"}],"curies":[{"name":"wp","href":"https:\/\/api.w.org\/{rel}","templated":true}]}}