{"id":39,"date":"2021-01-14T18:32:43","date_gmt":"2021-01-14T17:32:43","guid":{"rendered":"http:\/\/localhost\/Wordpress\/?page_id=39"},"modified":"2026-03-19T13:15:37","modified_gmt":"2026-03-19T13:15:37","slug":"gsu-buchreihe","status":"publish","type":"page","link":"https:\/\/gsu-stadtgeschichte.com\/?page_id=39","title":{"rendered":"&#8222;Beitr\u00e4ge zur Stadtgeschichte und Urbanisierungsforschung&#8220;"},"content":{"rendered":"\n<p>Die \u201eBeitr\u00e4ge zur Stadtgeschichte und Urbanisierungsforschung\u201c erscheinen seit 2003 als Buchreihe der GSU im Franz-Steiner-Verlag. In ihr werden wissenschaftliche Arbeiten zur Stadt- und Urbanisierungsgeschichte des 19. und 20. Jahrhunderts aus verschiedenen disziplin\u00e4ren Kontexten ver\u00f6ffentlicht. Die Reihe richtet sich an alle an der historischen Stadtforschung interessierte Wissenschaftler_innen und Praktiker_innen. Eingereichte Manuskripte durchlaufen ein Review-Verfahren durch die Herausgeber_innen. Interessenten, die eine Ver\u00f6ffentlichung ihres Manuskriptes in der Reihe anstreben, k\u00f6nnen sich direkt an den gesch\u00e4ftsf\u00fchrenden Herausgeber Christoph Bernhardt (E-Mail: <a href=\"mailto:bernhardt@irs-net.de\">bernhardt@irs-net.de<\/a>) wenden.<\/p>\n\n\n\n<p><strong>Herausgeber_innen:<\/strong> Christoph Bernhardt (gesch\u00e4ftsf\u00fchrend), Beate Binder, Harald Bodenschatz, Sybille Frank, Tilman Harlander, Martina He\u00dfler, Wolfgang Kaschuba, Friedrich Lenger, Dieter Schott und Clemens Zimmermann.<\/p>\n\n\n\n<div style=\"height:40px\" aria-hidden=\"true\" class=\"wp-block-spacer\"><\/div>\n\n\n\n<div class=\"wp-block-media-text alignwide is-stacked-on-mobile\" style=\"grid-template-columns:20% auto\"><figure class=\"wp-block-media-text__media\"><a href=\"https:\/\/www.steiner-verlag.de\/brand\/Beitraege-zur-Stadtgeschichte\" target=\"_blank\" rel=\"noreferrer noopener\"><img loading=\"lazy\" decoding=\"async\" width=\"725\" height=\"1024\" src=\"https:\/\/gsu-stadtgeschichte.com\/wp-content\/uploads\/2023\/11\/BzuSUF-neu-725x1024.jpg\" alt=\"\" class=\"wp-image-1807 size-full\" srcset=\"https:\/\/gsu-stadtgeschichte.com\/wp-content\/uploads\/2023\/11\/BzuSUF-neu-725x1024.jpg 725w, https:\/\/gsu-stadtgeschichte.com\/wp-content\/uploads\/2023\/11\/BzuSUF-neu-212x300.jpg 212w, https:\/\/gsu-stadtgeschichte.com\/wp-content\/uploads\/2023\/11\/BzuSUF-neu-768x1085.jpg 768w, https:\/\/gsu-stadtgeschichte.com\/wp-content\/uploads\/2023\/11\/BzuSUF-neu-1088x1536.jpg 1088w, https:\/\/gsu-stadtgeschichte.com\/wp-content\/uploads\/2023\/11\/BzuSUF-neu.jpg 1400w\" sizes=\"auto, (max-width: 725px) 100vw, 725px\" \/><\/a><\/figure><div class=\"wp-block-media-text__content\">\n<p><strong>Beitr\u00e4ge zur Stadtgeschichte und Urbanisierungsforschung<br>Band 23<\/strong><\/p>\n\n\n\n<p class=\"has-black-color has-text-color\">Liedtke, Rainer (Hg.), Mori, Takahito (Hg.) und Schmidtpott, Katja (Hg.)<\/p>\n\n\n\n<h4 class=\"wp-block-heading has-text-color\" style=\"color:#0071a1\">The Making of the 20th Century City<\/h4>\n\n\n\n<h6 class=\"wp-block-heading\">Towards a Transnational Urban History of Japan and Europe<\/h6>\n\n\n\n<div class=\"wp-block-buttons is-layout-flex wp-block-buttons-is-layout-flex\">\n<div class=\"wp-block-button\"><a class=\"wp-block-button__link wp-element-button\" href=\"https:\/\/www.steiner-verlag.de\/brand\/Beitraege-zur-Stadtgeschichte\" target=\"_blank\" rel=\"noreferrer noopener\">Zur Publikationsreihe<\/a><\/div>\n<\/div>\n<\/div><\/div>\n\n\n\n<div style=\"height:111px\" aria-hidden=\"true\" class=\"wp-block-spacer\"><\/div>\n\n\n\n<div class=\"wp-block-columns is-layout-flex wp-container-core-columns-is-layout-9d6595d7 wp-block-columns-is-layout-flex\">\n<div class=\"wp-block-column is-layout-flow wp-block-column-is-layout-flow\" style=\"flex-basis:100%\">\n<div class=\"wp-block-group\"><div class=\"wp-block-group__inner-container is-layout-flow wp-block-group-is-layout-flow\">\n<figure class=\"wp-block-table is-style-stripes\"><table class=\"has-black-color has-text-color\"><thead><tr><th>Autor_in<\/th><th>Titel des Werkes<\/th><\/tr><\/thead><tbody><tr><td>Liedtke, Rainer (Hrsg.), Mori, Takahito (Hrsg.) und  Schmidtpott, Katja (Hrsg.)<\/td><td><a href=\"https:\/\/www.steiner-verlag.de\/The-Making-of-the-20th-Century-City\/9783515134088\" target=\"_blank\" rel=\"noreferrer noopener\">The Making of the 20th Century City<\/a><\/td><\/tr><tr><td>Lieb, Matthias<\/td><td><a href=\"https:\/\/www.steiner-verlag.de\/Buergerschaftliches-Engagement-fuer-den-Umweltschutz-in-der-Stadt-seit-1970\/9783515130165\" target=\"_blank\" rel=\"noreferrer noopener\">B\u00fcrgerschaftliches Engagement f\u00fcr den Umweltschutz in der Stadt seit 1970<\/a><\/td><\/tr><tr><td>Hein-Kircher, Heidi<\/td><td><a href=\"https:\/\/www.steiner-verlag.de\/reihe\/view\/titel\/61919.html\" target=\"_blank\" rel=\"noreferrer noopener\">Lembergs &#8222;polnischen Charakter&#8220; sichern<\/a><\/td><\/tr><tr><td>Jens Ivo Engels, Andreas Fahrmeir,<br>Cesare Mattina und Fr\u00e9d\u00e9ric Monier (Hrsg.)<\/td><td><a href=\"https:\/\/www.steiner-verlag.de\/reihe\/view\/titel\/61318.html\" target=\"_blank\" rel=\"noreferrer noopener\">Stadt &#8211; Macht &#8211; Korruption<\/a><\/td><\/tr><tr><td>Christoph Bernhardt (Hrsg.)<\/td><td><a href=\"https:\/\/www.steiner-verlag.de\/reihe\/view\/titel\/61048.html\" target=\"_blank\" rel=\"noreferrer noopener\">St\u00e4dtische \u00f6ffentliche R\u00e4ume \/ Urban public spaces<\/a><\/td><\/tr><tr><td>Christian Rau<\/td><td><a href=\"https:\/\/www.steiner-verlag.de\/reihe\/view\/titel\/61122.html\" target=\"_blank\" rel=\"noreferrer noopener\">Stadtverwaltung im Staatssozialismus<\/a><\/td><\/tr><tr><td>Dirk Schubert<\/td><td><a href=\"https:\/\/www.steiner-verlag.de\/reihe\/view\/titel\/60084.html\" target=\"_blank\" rel=\"noreferrer noopener\">Jane Jacobs und die Zukunft der Stadt<\/a><\/td><\/tr><tr><td>Martina He\u00dfler und G\u00fcnter Riederer (Hrsg.)<\/td><td><a href=\"https:\/\/www.steiner-verlag.de\/reihe\/view\/titel\/59952.html\" target=\"_blank\" rel=\"noreferrer noopener\">Autost\u00e4dte im 20. Jahrhundert<\/a><\/td><\/tr><tr><td>Georg Wagner-Kyora (Hrsg.)<\/td><td><a href=\"https:\/\/www.steiner-verlag.de\/reihe\/view\/titel\/59818.html\" target=\"_blank\" rel=\"noreferrer noopener\">Wiederaufbau europ\u00e4ischer St\u00e4dte \/ Rebuilding European Cities<\/a><\/td><\/tr><tr><td>Wolfgang Hofmann<\/td><td><a href=\"https:\/\/www.steiner-verlag.de\/reihe\/view\/titel\/59016.html\" target=\"_blank\" rel=\"noreferrer noopener\">B\u00fcrgerschaftliche Repr\u00e4sentanz und kommunale Daseinsvorsorge<\/a><\/td><\/tr><tr><td>Andrea Bergler<\/td><td><a href=\"https:\/\/www.steiner-verlag.de\/reihe\/view\/titel\/58857.html\" target=\"_blank\" rel=\"noreferrer noopener\">Von Armenpflegern und F\u00fcrsorgeschwestern<\/a><\/td><\/tr><tr><td>Sebastian Haumann<\/td><td><a href=\"https:\/\/www.steiner-verlag.de\/reihe\/view\/titel\/58463.html\" target=\"_blank\" rel=\"noreferrer noopener\">&#8222;Schade, dass Beton nicht brennt &#8230;&#8220;<\/a><\/td><\/tr><tr><td>Astrid Mignon Kirchhof<\/td><td><a href=\"https:\/\/www.steiner-verlag.de\/reihe\/view\/titel\/58360.html\" target=\"_blank\" rel=\"noreferrer noopener\">Das Dienstfr\u00e4ulein auf dem Bahnhof<\/a><\/td><\/tr><tr><td>Petra Spona<\/td><td><a href=\"https:\/\/www.steiner-verlag.de\/reihe\/view\/titel\/58096.html\" target=\"_blank\" rel=\"noreferrer noopener\">St\u00e4dtische Ehrungen zwischen Repr\u00e4sentation und Partizipatio<\/a>n<\/td><\/tr><tr><td>Ralf Roth (Hrsg.)<\/td><td><a href=\"https:\/\/www.steiner-verlag.de\/reihe\/view\/titel\/57100.html\" target=\"_blank\" rel=\"noreferrer noopener\">St\u00e4dte im europ\u00e4ischen Raum<\/a><\/td><\/tr><tr><td>Ueli Haefeli<\/td><td><a href=\"https:\/\/www.steiner-verlag.de\/reihe\/view\/titel\/56346.html\" target=\"_blank\" rel=\"noreferrer noopener\">Verkehrspolitik und urbane Mobilit\u00e4t<\/a><\/td><\/tr><tr><td>Thomas H\u00f6pel<\/td><td><a href=\"https:\/\/www.steiner-verlag.de\/reihe\/view\/titel\/56242.html\" target=\"_blank\" rel=\"noreferrer noopener\">Von der Kunst- zur Kulturpolitik<\/a><\/td><\/tr><tr><td>Thomas Biskup und Marc Schalenberg (Hrsg.)<\/td><td><a href=\"https:\/\/www.steiner-verlag.de\/reihe\/view\/titel\/56355.html\" target=\"_blank\" rel=\"noreferrer noopener\">Selling Berlin<\/a><\/td><\/tr><tr><td>Christoph Bernhardt und Heinz Reif (Hrsg.)<\/td><td><a href=\"https:\/\/www.steiner-verlag.de\/reihe\/view\/titel\/57261.html\" target=\"_blank\" rel=\"noreferrer noopener\">Sozialistische St\u00e4dte zwischen Herrschaft und Selbstbehauptung<\/a><\/td><\/tr><tr><td>Clemens Zimmermann (Hrsg.)<\/td><td><a href=\"https:\/\/www.steiner-verlag.de\/reihe\/view\/titel\/55387.html\" target=\"_blank\" rel=\"noreferrer noopener\">Zentralit\u00e4t und Raumgef\u00fcge der Gro\u00dfst\u00e4dte im 20. Jahr\u00adhundert<\/a><\/td><\/tr><tr><td>Adelheid von Saldern (Hrsg.)<\/td><td><a href=\"https:\/\/www.steiner-verlag.de\/reihe\/view\/titel\/54629.html\" target=\"_blank\" rel=\"noreferrer noopener\">Inszenierter Stolz<\/a><\/td><\/tr><tr><td>Adelheid von Saldern (Bandhrsg.)<\/td><td><a href=\"https:\/\/www.steiner-verlag.de\/reihe\/view\/titel\/53673.html\" target=\"_blank\" rel=\"noreferrer noopener\">Inszenierte Einigkeit<\/a><\/td><\/tr><\/tbody><\/table><\/figure>\n\n\n\n<p><\/p>\n<\/div><\/div>\n<\/div>\n<\/div>\n","protected":false},"excerpt":{"rendered":"<p>Die \u201eBeitr\u00e4ge zur Stadtgeschichte und Urbanisierungsforschung\u201c erscheinen seit 2003 als Buchreihe der GSU im Franz-Steiner-Verlag. In ihr werden wissenschaftliche Arbeiten zur Stadt- und Urbanisierungsgeschichte des 19. und 20. Jahrhunderts aus verschiedenen disziplin\u00e4ren Kontexten ver\u00f6ffentlicht. Die Reihe richtet sich an alle an der historischen Stadtforschung interessierte Wissenschaftler_innen und Praktiker_innen. Eingereichte Manuskripte durchlaufen ein Review-Verfahren durch die [&hellip;]<\/p>\n","protected":false},"author":2,"featured_media":0,"parent":405,"menu_order":0,"comment_status":"closed","ping_status":"closed","template":"templates\/template-full-width.php","meta":{"footnotes":""},"class_list":["post-39","page","type-page","status-publish","hentry"],"_links":{"self":[{"href":"https:\/\/gsu-stadtgeschichte.com\/index.php?rest_route=\/wp\/v2\/pages\/39","targetHints":{"allow":["GET"]}}],"collection":[{"href":"https:\/\/gsu-stadtgeschichte.com\/index.php?rest_route=\/wp\/v2\/pages"}],"about":[{"href":"https:\/\/gsu-stadtgeschichte.com\/index.php?rest_route=\/wp\/v2\/types\/page"}],"author":[{"embeddable":true,"href":"https:\/\/gsu-stadtgeschichte.com\/index.php?rest_route=\/wp\/v2\/users\/2"}],"replies":[{"embeddable":true,"href":"https:\/\/gsu-stadtgeschichte.com\/index.php?rest_route=%2Fwp%2Fv2%2Fcomments&post=39"}],"version-history":[{"count":21,"href":"https:\/\/gsu-stadtgeschichte.com\/index.php?rest_route=\/wp\/v2\/pages\/39\/revisions"}],"predecessor-version":[{"id":2046,"href":"https:\/\/gsu-stadtgeschichte.com\/index.php?rest_route=\/wp\/v2\/pages\/39\/revisions\/2046"}],"up":[{"embeddable":true,"href":"https:\/\/gsu-stadtgeschichte.com\/index.php?rest_route=\/wp\/v2\/pages\/405"}],"wp:attachment":[{"href":"https:\/\/gsu-stadtgeschichte.com\/index.php?rest_route=%2Fwp%2Fv2%2Fmedia&parent=39"}],"curies":[{"name":"wp","href":"https:\/\/api.w.org\/{rel}","templated":true}]}}